s of n?
29, 37
Suppose 37*i + 1840 = 53*i. List the prime factors of i.
5, 23
Suppose -3*g = -0*g + 321. Let d = -3 - g. What are the prime factors of d?
2, 13
Suppose 5*k - 292 - 338 = 0. Suppose 4*n + 9 = n, 3*n + k = r. List the prime factors of r.
3, 13
Suppose 3*y + 0*y = -5*a, -5 = y. Suppose 4*k - 75 = a*l, -5*k + 4*l - 64 + 159 = 0. What are the prime factors of k?
3, 5
Suppose -3*v = 2*v + 35. Let j(l) be the first derivative of l**4/4 + 8*l**3/3 + 2*l**2 - 4*l - 3. What are the prime factors of j(v)?
17
Suppose 14*p + 5328 = 15*p - 3*l, 0 = 4*p + 4*l - 21376. What are the prime factors of p?
2, 3, 5, 89
Let l(f) = 5*f**2 - 2*f + 1. Let z be l(1). Suppose -n + 15 = z*n. Let k = n + 51. What are the prime factors of k?
2, 3
Let i = -6 + 9. Suppose -3*k + 11 + 39 = h, -3 = i*k. Let n = 78 - h. List the prime factors of n.
5
Let k = -2264 - -3337. What are the prime factors of k?
29, 37
List the prime factors of (-8856)/(-2)*80/160.
2, 3, 41
Suppose 15*m - 10*m - 5 = 0. Let g = 2 - -42. Let l = g - m. What are the prime factors of l?
43
Suppose 5*v - 6608 = 2142. List the prime factors of v.
2, 5, 7
Suppose 4*f = 182 + 170. Suppose 2*m = 5*i + 10, 4*m + 0*i = -i + 20. Suppose 4*j + 0*z = z + f, -125 = -5*j + m*z. What are the prime factors of j?
3, 7
Let q(c) = -c - 9. Let u be q(-10). Let j(l) = 2*l**3 - 3*l**2 + 3*l - 1. Let p be j(u). List the prime factors of -1*(-2 + p) + 6.
7
Let u(c) = -61*c + 43. What are the prime factors of u(-5)?
2, 3, 29
Suppose -q = 3*m - 11, 4*q + 9 + 3 = 2*m. Let c be m/18 - 2535/(-135). Suppose 10 = t - c. What are the prime factors of t?
29
Suppose 6*t + 98 = 13*t. Suppose t*s - 15*s + 28 = 0. What are the prime factors of s?
2, 7
Let c = -1193 - -4808. List the prime factors of c.
3, 5, 241
List the prime factors of (160/(-6) + -10)*-30.
2, 5, 11
Let x(y) = -y**2 - 9*y - 7. Let d be x(-9). Let v(l) = -32*l**2 + 33*l**2 + l + l + 2 + 5*l. What are the prime factors of v(d)?
2
Let h(m) = 733*m + 88. List the prime factors of h(1).
821
Suppose 40 - 598 = 2*o. Let n = o + 461. What are the prime factors of n?
2, 7, 13
Suppose -4*i + 27 = 5*f, -2*f + 12 = 2*i + 2*f. Suppose -5*l - 12 = -i*l. Suppose 10*b - 384 = l*b. List the prime factors of b.
2
Let d(u) = 3*u**3 - 2*u**2 + 2*u - 18. What are the prime factors of d(6)?
2, 3, 5, 19
Let h(j) be the second derivative of -j**4/4 - 3*j**3 - 7*j**2/2 - 7*j. Let q be h(-8). What are the prime factors of q/(-15) + 2/(-3)?
3
Let y be 6 + (-2)/1 + 16. Suppose -y + 123 = d. What are the prime factors of d?
103
Let y = -8 - -12. Suppose 3*p + 16 = 7*p + 4*o, -3*p + 4*o + 26 = 0. List the prime factors of p/y + 273/14.
3, 7
What are the prime factors of 991/3 - (-2)/(-6)?
2, 3, 5, 11
Suppose 20 = -4*s, 4*m + 213 = -3*s - 2*s. Suppose 4*t - z - 26 = 0, -t + 5*z + 18 = 3*t. What are the prime factors of m/(-2) + t/(-14)?
23
Suppose 0*v - v + 6712 = 4*o, -3*v + 6712 = 4*o. Let z be 26/91 - o/(-7). Suppose -s = -6*s + z. What are the prime factors of s?
2, 3
Suppose 0 = 3*a + 14 - 32. Let j = a - 4. Suppose g = -3*q - q + 33, j*q - 30 = 4*g. What are the prime factors of q?
3
Suppose -4*g - v - 51 = -2*v, 55 = -4*g - 3*v. Let i = g + 13. Suppose i = -l - 2*l + 12. List the prime factors of l.
2
Let i = -1780 + 3050. What are the prime factors of i?
2, 5, 127
What are the prime factors of (-120)/90*57/(-8)*48?
2, 3, 19
Let x(g) = 154*g**2 - 12*g - 25. What are the prime factors of x(-5)?
3, 5, 7, 37
Let h = 0 - -16. List the prime factors of ((-246)/4)/((-12)/h).
2, 41
Let i(l) = -17*l - 5. Let j(s) = -s**2 - 11*s - 12. Let h be j(-10). Let y be i(h). Suppose o = y - 9. What are the prime factors of o?
2, 5
Let r(i) = i + 13. Let a be r(-9). Suppose -4*v + 28 = -a*o, -2*o + 10 = -0*o. What are the prime factors of 214/4 + v/(-8)?
2, 13
Suppose 0 = -5*b - 3*j + 318, -2*b - j - j + 128 = 0. Let s = b - -11. What are the prime factors of s?
2, 37
Suppose 4*n - 3581 = 839. What are the prime factors of n?
5, 13, 17
Let k = 1 + 1. Suppose s = k*w + 4 - 58, 0 = -5*w + s + 141. Suppose -2*p = 4, -2*c - w + 99 = p. What are the prime factors of c?
2, 3
Suppose 0 = -4*p - 5*f + 401 + 103, 0 = -5*p - f + 630. Let q = p + -86. Suppose z = -3*m + q, -4*z + 2*z - 4*m + 84 = 0. List the prime factors of z.
2, 23
Suppose 0 = -5*d + 3*q - 26, -3*d - 44 = 2*d + 3*q. Let a(i) = -22*i + 12. Let r(t) = -7*t + 4. Let n(x) = d*r(x) + 2*a(x). List the prime factors of n(4).
2
Let h(o) = -425*o - 6. What are the prime factors of h(-4)?
2, 7, 11
Let p(z) = z**3 - 10*z**2 - 8*z - 14. Let g be p(11). Suppose 2*n + 1 - g = 0. Let i = 8 + n. List the prime factors of i.
17
Suppose 22*t - 579 = 2743. What are the prime factors of t?
151
Suppose -4*x - 7 = -15. Suppose -21 = -5*q - x*q. Suppose 0*v = -5*o + v + 196, q*v = 3*o - 108. What are the prime factors of o?
2, 5
Let r(k) = -k**3 - 4*k**2 + 4*k. Let d be r(-5). List the prime factors of 141/2 + d/(-10).
2, 5, 7
What are the prime factors of 46*105/12 - 39/(-26)?
2, 101
Let u(t) be the second derivative of t**3/2 - 7*t**2 + 5*t. List the prime factors of u(6).
2
Let k(d) be the second derivative of -7*d**5/20 + d**4/4 - d**3/6 - 3*d**2/2 + 3*d. Let g be k(-3). Suppose -3*n + g = 3*n. What are the prime factors of n?
2, 3
Let k(n) = -6*n + 1. Let v be k(-26). Suppose -9*u + v + 122 = 0. What are the prime factors of u?
31
Suppose -4*d + 118 = -2*d + 2*t, -3*d + 161 = -t. Let g = -36 - d. Let o = 133 + g. What are the prime factors of o?
2, 3, 7
Let h = -2 - -3. Let g(w) = -2*w. Let l be g(h). List the prime factors of l - -3 - -6*6.
37
Let g(q) = -34*q - 162. List the prime factors of g(-42).
2, 3, 211
Let s(b) = 2*b**2 + 47*b - 34. Let t be s(-24). What are the prime factors of (-1808)/t + -2 + 12/(-15)?
2, 89
Let n(j) = -j**2 - j + 14. Let c be n(0). Suppose -10*i = -c*i + 448. What are the prime factors of i?
2, 7
Let i(y) = -y**2 + 69*y + 30. What are the prime factors of i(34)?
2, 5, 61
What are the prime factors of 166/(-6)*(4 - 7)?
83
Let m(o) = 2*o**3 + 4*o**2 - 4*o + 2. Let c be m(2). Let t(l) = 16 - c*l - 11 - 6. What are the prime factors of t(-1)?
5
Suppose -5*u + 7 = -13. Let m be (-1644)/(-28) - u/(-14). Suppose -n = 4*s - 5*s + 32, -3*n + m = 2*s. What are the prime factors of s?
31
Let q(g) = -42*g - 19. Let h(d) = -d**3 + 10*d**2 - 24*d - 3. Let z be h(6). What are the prime factors of q(z)?
107
Suppose 14*c - 9*c = 20. Suppose -c*h + 173 = -131. List the prime factors of h.
2, 19
Suppose o + v + 21 = 0, 2*v - 4*v = o + 18. Let y be -2*(-37)/2 + 1. Let m = o + y. What are the prime factors of m?
2, 7
Let h(y) = -y**2 + 3*y + 3. Let v be h(4). Let k(w) = -96*w**3 + w**2. What are the prime factors of k(v)?
97
Let p be 4/(-3)*(-3)/2. Let s be p/(-4) + (-392)/16. Let h = -18 - s. What are the prime factors of h?
7
Let u(v) = -v**3 + 18*v**2 - 10*v + 4. List the prime factors of u(17).
3, 41
List the prime factors of 4028/14 - (2 + 96/(-42)).
2, 3
Let r(m) be the first derivative of m**4/4 - 5*m**3/3 - m**2 + 2*m + 14. Suppose t - 3 = -l - 0, 2*t + 3*l = 3. What are the prime factors of r(t)?
2, 13
Suppose -261 = 5*y + 554. Let z = 312 + y. List the prime factors of z.
149
Let q(b) = 14*b**2 + 17*b. What are the prime factors of q(-5)?
5, 53
Suppose r - 2*t - 80 = 0, 3*r - 5*t - 240 = -0*t. Suppose 3*g + 2*g - r = 0. Suppose 3*u - g - 74 = 0. List the prime factors of u.
2, 3, 5
Suppose 6*v - 10*v = 0. Suppose 2*y - 146 = -2*k - v*y, -4*y = -k + 73. List the prime factors of k.
73
Let h = 74 + -149. Let s(w) = 6*w + 2. Let y be s(1). What are the prime factors of y/(-10)*h/6?
2, 5
Suppose 1049 + 2595 = 4*s. List the prime factors of s.
911
Let u(p) = p**3 + 4*p**2 + 7*p - 7. Let l(w) = w**3 + 3*w**2 + 6*w - 6. Let z(q) = 5*l(q) - 4*u(q). List the prime factors of z(4).
2, 3
Let b(d) = -3*d**3 - 2*d**2 - 2*d - 1. Let o be b(-1). Suppose -3*x - 163 = -o*v, -5*v - 3*x = -454 + 36. What are the prime factors of v?
83
Let c(r) = -r**3 - 3*r**2 - 2*r + 2. Let o be c(-2). Let m(u) = 26*u + 40. Let i(n) = -5*n - 8. Let x(b) = o*m(b) + 11*i(b). List the prime factors of x(-7).
13
Suppose b + 2*d + 273 = 2*b, 0 = 3*b + d - 826. What are the prime factors of b?
5, 11
Suppose 2055 + 2533 = 4*i + 5*a, 0 = -3*i - a + 3441. What are the prime fac